 + 19*x - 1. Let w be k(19). Let v be (w + -20)/((-12)/8). Let z(o) = 2*o**2 + 0*o**3 - 7*o - v + o**3 + 13 + 3*o**2. Determine z(-6).
5
Let s(l) = 4*l - 35. Let z(j) = -j + 11. Let a(p) = 2*s(p) + 7*z(p). Let b be -5*(-1 + (-28)/(-10)). Calculate a(b).
-2
Let n(u) be the third derivative of u**6/120 - u**5/60 - u**4/24 - 11*u**3/6 + u**2. Let w(o) = -2*o**2 + 70*o + 72. Let h be w(36). What is n(h)?
-11
Let u(a) = -2*a**2 - a. Let w be u(1). Let l(p) = -2*p - 17*p**2 - 18*p**2 + 1 + 34*p**2. Determine l(w).
-2
Let j(p) = p**2 + 2*p - 1. Let k(o) = -o + 12. Let x be k(7). Suppose -2*i + 12 = -x*i. What is j(i)?
7
Let d(b) = -b - 23. Let k(a) = 1. Let t(v) = d(v) + 3*k(v). Calculate t(0).
-20
Suppose -4*v + 10 - 2 = 0. Let s(j) = 0 + 10*j**v - 2*j - 2 + 0 + 3. Let y(a) = a - 9. Let f be y(10). Calculate s(f).
9
Suppose 4 + 5 = o. Suppose 4*f + t - o = 0, 0 = 2*f - 5*t + t. Let i(j) = -8*j**3 - 3 + 3*j**f - j**2 - 8*j**2 + 7*j**3 - j. Determine i(-6).
3
Let c(b) = b**3 - 8*b**2 - 3*b - 1. Let d = 337 + -329. Give c(d).
-25
Let c(p) = p - 2 - 6*p + 5*p + p. Suppose 0 = -3*x, 1 = -d + 3*x - 3. Let m be 4 - 2/((-8)/d). Give c(m).
1
Let u(k) be the first derivative of k**2/2 - 10*k + 1. Let v be (-47 + 65)*2/4. Give u(v).
-1
Suppose 0*l - 5*o = -5*l - 5, -2*o = -4*l - 4. Let q(p) = -p - 1. Let x(r) = -2*r - 14. Let k(s) = l*x(s) + 4*q(s). Let y be 7/(-2)*(-2 - 0). Determine k(y).
-4
Let p(a) = -a**3 + 5*a**2 - 5*a + 1. Let l(g) = -8*g**2 - 191*g + 28. Let s be l(-24). Determine p(s).
-3
Let i(w) = w - 5. Let u(r) = -2*r + 8. Let a(d) = 8*i(d) + 5*u(d). Suppose x - 4*x = g - 25, -35 = -4*x - 3*g. Suppose -11*b = -x*b + 3. What is a(b)?
2
Let m(s) = s**3 + 8*s**2 - 9*s + 5. Let t(x) = -3*x - 3. Let d = 11 - 13. Let r be t(d). Let k(l) = -l**2 + l. Let p(z) = r*k(z) + m(z). Give p(-6).
5
Let t(z) = -5*z**3 - 5*z**2 + 6*z - 5. Suppose -x = 32 - 27. Let r(l) = -4*l**3 - 5*l**2 + 5*l - 4. Let g(a) = x*t(a) + 6*r(a). Calculate g(4).
-15
Let m = 56 - 23. Let t = -17 + m. Let i be -2*t/(-4)*-1. Let j(h) = -h**2 - 7*h + 7. Give j(i).
-1
Let u(r) be the third derivative of r**5/60 - r**4/12 - 7*r**3/6 - 2*r**2. Let l = 24 - 23. Suppose -z + 4 = -l. Determine u(z).
8
Let w(s) be the first derivative of 1 + 11*s + 2/3*s**4 - 7/2*s**2 + 7/6*s**3 + 1/20*s**5. Let b(y) be the first derivative of w(y). Calculate b(-7).
-7
Let b(v) = 2*v**2 - 2*v + 4. Let g(x) = -x**3 + 4*x**2 + 5*x + 2. Let f be g(5). Suppose 0 = d - f - 1. Calculate b(d).
16
Suppose 0 = 5*l - 3*l. Let p(n) = -5 + 4*n - 1 + l*n + 8. Suppose -6*j + j - 15 = 0. Calculate p(j).
-10
Let u be ((-30)/(-10))/((-2)/((-2)/1)). Let j(h) = 2*h**2 + 4*h - 4. What is j(u)?
26
Let o(b) = b**3 + 6*b**2 + b. Let w be (-1)/(-4)*-6 + 99/(-22). Calculate o(w).
-6
Let p(t) = -t**3 + 65*t - 2 - 201*t - 7*t**2 + 0*t**3 + 133*t. Determine p(-5).
-37
Let a(s) be the second derivative of -s**5/20 + s**4 - 5*s**3/3 + 7*s. What is a(11)?
11
Let x = -4 + 6. Let w be x - (-1 - 2) - 1. Let r = w + -6. Let c(i) = i**3 + 4*i**2 + 3*i + 3. What is c(r)?
5
Let u be (-2)/(-4)*-4*5/10. Let y be (11 - 11)*u/(-2). Let n(a) = a**2 + a - 4. What is n(y)?
-4
Suppose -5*m = 5*p + 5, 0 = -0*p - p - 5*m - 17. Let a(x) = -x**2 - 11*x - 5. Let n(v) = -2*v**2 - 22*v - 11. Let q(l) = p*n(l) - 5*a(l). Give q(-9).
10
Let y(w) = 2*w + 6*w - 4*w**2 - 9*w. Give y(-1).
-3
Let k(q) be the second derivative of q**7/2520 + q**6/120 - q**5/24 - 5*q**4/12 - q. Let m(i) be the third derivative of k(i). What is m(-7)?
2
Let p(j) = -j - 5. Suppose -2*y + 7*m = 5*m - 10, 5*y + 15 = -3*m. Determine p(y).
-5
Let m(s) = -s + 6. Suppose -2*l - 2*l + 60 = 0. Suppose -l = -0*k - 5*k. Let j be m(k). Let n(c) = c**3 - 4*c**2 + 2*c - 3. Determine n(j).
-6
Let g be 1 + 2 + 0 - -2. Suppose 3*z = -5*o + 8, g*o + 4*z = 2 + 7. Let n(m) = -7*m**2 + 0*m - 2 + 5 - 2 - 2*m. What is n(o)?
-8
Let p(m) = 45*m**3 + 5*m**2 + 44*m**3 - 142*m**3 - 8 - 8*m + 54*m**3. Suppose -4*r - 2 = 4*w - 3*w, -w + 3*r = 9. Determine p(w).
4
Let t(r) = -24*r**2 - 2*r - 1. Suppose -5*g + 13 = i, 2*i - i + 2*g = 4. Let h be (11 - 10)/(i - -1). What is t(h)?
-23
Let d(z) = -z**3 - z**2 - 7. Let g(a) = -5*a**3 + a**2 - 8*a - 54. Let h(m) = -6*d(m) + g(m). What is h(-8)?
-12
Let c = -20 + -30. Let a = -43 - c. Let y(u) = u**3 - 7*u**2 + 6. Calculate y(a).
6
Suppose 0 = -6*l - 355 + 301. Let h(r) = -2*r - 27. What is h(l)?
-9
Let w(k) = 0*k**2 + 54 + 47 - 102 + k**2 - k**3. What is w(2)?
-5
Let w(s) = -s. Let q = 13 - 9. Suppose 0 = 12*i - 9*i + 24. Let a be i - q*(-4)/8. Determine w(a).
6
Let p(m) = m**2 + 5*m + 4. Let u(c) = -57 - 62 - 6*c + 114 - 2*c**2. Let j(l) = 3*p(l) + 2*u(l). Let i = -6 - -10. Determine j(i).
-2
Let u(o) = 169*o - 2*o**2 + o**2 - 177*o - 1 + 0. Suppose -4*w = -4*y - 8 - 28, 5*w - 38 = 4*y. Calculate u(y).
6
Let q(n) = 4*n + 8. Suppose 2*w + p = -13, 2*w - 8 = 3*w + 2*p. Let f(z) = -z - 3. Let v be f(w). Suppose 0 = v*x + 14 + 4. Calculate q(x).
-16
Let u(t) = -t**3 - 5*t**2 - 2*t + 1. Let y be u(-4). Let g(h) = h**2 + 7*h + 2. Let b be g(y). Let w(p) = -1 - 40*p - b + 32*p. Give w(-2).
13
Let w(z) = 6*z + 9 - 2*z + z**2 + 3*z. Let v = 38 + -20. Let k = v - 25. Give w(k).
9
Suppose 3*m = -9, -7 = r - 2*r + m. Suppose 5*h - r*o + 11 = -9, -2*h + 2*o - 10 = 0. Let v(u) = -u**2 + u - 6. Determine v(h).
-6
Let n(y) = 12*y - 62. Let a(f) = -2*f + 12. Let g(x) = -16*a(x) - 3*n(x). What is g(-9)?
30
Let c = 1600 + -1604. Let y(a) = a**2 + 2*a - 2. Calculate y(c).
6
Let i be 1/(-1) + 3 + 1 + 1. Let j(v) = v - 16. Calculate j(i).
-12
Let m(k) = 5*k**3 - 8*k**2 + 13*k - 3. Let w(n) = -4*n**3 + 9*n**2 - 13*n + 5. Let x(h) = -3*m(h) - 4*w(h). Calculate x(11).
11
Let g(w) be the second derivative of w**4/6 - 7*w**3/6 - w**2/2 - 165*w - 2. Calculate g(6).
29
Let u(f) = -2*f - 2. Suppose -2*s - 4*s + 18 = 0. Let a(r) = -1 + 3 + 3*r + s - 1. Let l(z) = -3*a(z) - 5*u(z). Give l(3).
1
Let j be (2 - -2) + 0/2. Suppose 3 = t - j*t. Let n(s) = 6*s**2 - s - 1. Calculate n(t).
6
Let d(f) = -f**3 - f**2 - f + 1. Let v(j) = 4*j**2 + 21*j - 14. Let l(q) = 2*q**2 + 10*q - 7. Let k(i) = 5*l(i) - 3*v(i). Let x be k(-7). Determine d(x).
1
Let g be (-14)/14 + 4*1. Suppose g*x = -2*x. Suppose x*y - y = 0. Let f(j) = j**3 + j**2 - j + 6. Determine f(y).
6
Let a(i) = i**2 + 3*i + 6. Let m be (6/1)/((189/14)/(-9)). Determine a(m).
10
Let t(o) = -o**2 + 13*o + 132. Let f be t(-7). Let l(z) = -z**3 - 9*z**2 - 11*z - 19. What is l(f)?
5
Let o(z) = -3*z + z**2 + 8 - 4*z - 3. Let f be 2*(7 + (-42)/12). Calculate o(f).
5
Suppose 4*i + 5*j - 38 = 0, -i + 6 + 2 = 2*j. Let o = i + -12. Let h(q) = -9*q + 2 - 3 - q + o. Determine h(-1).
9
Let j(c) = -3*c**3 + 9*c**2 - 6*c - 19. Let y(t) = -5*t**3 + 7*t**2 - 8*t - 19. Let n(h) = -3*j(h) + 2*y(h). Calculate n(-13).
-7
Let l(w) = 77*w**3 + 57*w**2 - 11*w + 3. Let b(m) = -26*m**3 - 20*m**2 + 4*m - 1. Let x(r) = 17*b(r) + 6*l(r). Calculate x(-1).
-19
Let z(c) = c**2 - 2*c - 9. Let q be z(5). Let v = -11 + q. Let p(u) = 3*u - 11. Let d(b) = -8*b + 32. Let g(w) = -4*d(w) - 11*p(w). Calculate g(v).
-2
Let t(j) = j**2 - 16*j + 48. Let u be t(11). Let n be (-3 - -7)*u/(-7). Let l(x) = x**3 - 3*x**2 - x - 5. Determine l(n).
7
Let q(k) = -3*k + 9*k + 2 + 1 - 25 - 2*k. What is q(7)?
6
Let a(b) = 21*b - 1. Let r(g) = -41*g + 2. Let i(n) = 11*a(n) + 6*r(n). Calculate i(1).
-14
Let n = 100 - 107. Let a(o) = -o - 10. What is a(n)?
-3
Let k(m) = 2*m**3 + m**2 - m. Let o = -19 + 19. Suppose -n + 5*n - 8 = o. Calculate k(n).
18
Let p(c) = c**2 - 6*c - 3. Let a be p(5). Let z(x) = 22*x - 8*x - 1 - 15*x + 3 - 9. Determine z(a).
1
Let l(f) = -13*f**2 - 18*f + 9. Let h(d) = 7*d**2 + 10*d - 5. Let b(i) = -11*h(i) - 6*l(i). Calculate b(2).
1
Let z(n) = n**3 + 6*n**2 + 6*n + 8. Let k be z(-5). Let t(d) = -d - 2*d**2 - d**2 + d - d - d**k + 3. What is t(-3)?
6
Let d(k) = 5*k**2 + 26*k - 1. Let s be d(-5). Let u(y) = -y - 5. Determine u(s).
1
Let t(m) be the second derivative of m**6/360 + m**5/30 - m**4 + 4*m. Let n(k) be the third derivative of t(k). Determine n(3).
10
Let m(v) = -5*v**3 - 3*v**2 - 13*v + 3. Let p(b) = -4*b**3 - 4*b**2 - 11*b + 3. Let f(k) = -3*m(k) + 4*p(k). Calculate f(-6).
-3
Let f(g) be the third derivative of 0*g + 5/6*g**3 + 9*g**2 + 0 + 1/24*g**4. What is f(-7)?
-2
Let m(b) 